**2. Let k(i) = -i**3 + 6*i**2 - 13*i + 52. Let u be k(5). What is the hundreds digit of c(u)?
1
Let i = 8480 + -320. What is the thousands digit of i?
8
Suppose -13*s = -3*s - 270. Suppose 432 = s*g - 18*g. Suppose -51*c + 255 = -g*c. What is the tens digit of c?
8
Suppose -4085169 = -97*g - 140*g. What is the tens digit of g?
3
Let c be 3/3 + 6628/2. Suppose -1111 = 4*f - c. What is the hundreds digit of f?
5
Let w(j) = 255*j**3 + j**2 - j. Let c be (2/7)/((-34)/(-119)). What is the units digit of w(c)?
5
Let k = -92 + -11. Let i = k + 64. Let o = i - -152. What is the units digit of o?
3
Suppose -g = 5*q - 27, g + q - 13 = -6. Suppose 0 = -g*z - 5*a + 2385 - 798, 0 = -3*z + a + 2338. What is the tens digit of z?
8
Let g = -799 + 1397. Let t = -157 + g. What is the units digit of t?
1
Let r = 150 - 162. What is the units digit of r/(-8) + (-27780)/(-24)?
9
Let y(n) = n**3 - 11*n**2 + 16*n - 1. Let j(w) = 3*w**2 + 22*w - 1. Let g be j(-9). Let s be 1/(((-20)/g)/(-5)). What is the units digit of y(s)?
5
Suppose -63*s - 1066311 = -136*s. What is the hundreds digit of s?
6
What is the hundreds digit of ((-1)/4)/((-1932699)/13526884 - 1/(-7))?
7
Let a be 8/16*5*(-4)/(-5). What is the units digit of a + -3 - (-22 + -14)?
5
Let a = 230 + -106. Let j = a + 391. What is the units digit of j?
5
Let s(y) = 7*y**2 - 166*y + 3826. What is the thousands digit of s(25)?
4
Suppose 0 = -7*b + 3*b + 4*i + 1756, 5*b - i = 2187. Suppose -b = -t - g + 2*g, -g + 1 = 0. What is the tens digit of t?
3
What is the thousands digit of 536953/12 - (6731/636)/127?
4
Let n = 11 - 8. Let c = 142 - 142. Suppose 37 = x - n*v - 3, -x + 4*v + 43 = c. What is the units digit of x?
1
Let r(h) = -24*h + 9. Let y(p) = -24*p + 8. Let w(b) = 5*r(b) - 4*y(b). What is the tens digit of w(-6)?
5
Let l(b) = -b**3 - 2*b + 1134. Let w be l(0). Suppose -5*c + w = -476. What is the tens digit of c?
2
Suppose 3*z = -n, n - 4*z = 15 + 6. Suppose 0 = 3*l + n, -t + 0*l = -5*l - 17. What is the units digit of ((-1)/t)/((-4)/104)?
3
Let t(x) = x**2 - 26*x + 9. Let w be t(30). What is the units digit of w/5*80/60*10?
4
Let s(w) = -2*w**3 + 3*w**2 - 39*w - 4. What is the tens digit of s(-10)?
8
Let f(w) = -10*w - 8 - w**3 + 21 + 100*w**2 - 110*w**2. Let l be f(-10). Let g = l - 2. What is the tens digit of g?
1
Let f(r) = r**3 - 23*r**2 - 11*r - 83. Let c be f(21). Let x = -704 - c. What is the units digit of x?
2
Let f be (10*2/45)/(8/36). Suppose -3*z + 818 = -f*z. What is the hundreds digit of z?
8
Suppose 15 = 8*i - 25. Suppose -i*k + 24 = 3*u, 4*u + 0*u = 5*k - 3. Suppose 4*r - 111 = 3*h, h + 0*h - 67 = -u*r. What is the units digit of r?
4
Let t be 1/3 - (-24)/9. Suppose -t*b + 20 = -790. What is the units digit of b?
0
Suppose -217 = -r + 170. Suppose 8*x = -r - 149. Let l = 6 - x. What is the units digit of l?
3
Let d = 381 - 378. Suppose -4*k + 340 = f, 3*f - 985 = -d*k - 2*k. What is the hundreds digit of f?
3
Suppose 82 = 2*t + x, 4*t - 4*x + 156 = 8*t. Let a = 22 - t. Let j = a - -100. What is the units digit of j?
9
Suppose n - 164 = -n - 2*l, 266 = 3*n - 2*l. Suppose -2*u + 4*a = -416, 624 = -u + 4*u + 5*a. Let i = u - n. What is the hundreds digit of i?
1
Let f be 4023/7 - (3 - 184/56). Let k(m) = 122*m + 2. Let l be k(6). Suppose -7*p + f = -l. What is the hundreds digit of p?
1
Let j(v) = 272*v**2 - 47*v + 28. What is the tens digit of j(-5)?
6
Suppose -187*q + 185*q = -2660. What is the tens digit of q?
3
Let m = 968 + -896. Let n(d) = 9*d**2 - 3*d - 1. Let c be n(6). Let p = c - m. What is the units digit of p?
3
Let s = 11 + -6. Let g(x) be the first derivative of x**3 - 3*x**2/2 + 6*x - 49. What is the units digit of g(s)?
6
Suppose 632*b - 10686 = 629*b. What is the hundreds digit of b?
5
Suppose -505*p - 72150 = -515*p. What is the thousands digit of p?
7
Suppose w - 29 = -4*h, -8*w - 2*h - 23 = -9*w. Suppose 21984 = -i + w*i. What is the tens digit of i?
1
Suppose -4*a + 73580 = 2*s, 653*a - 5*s = 650*a + 55198. What is the ten thousands digit of a?
1
Suppose 0*o + l + 47 = 2*o, -5*l = 2*o - 53. Suppose 4*z + o = 132. Let h = z + -21. What is the units digit of h?
6
Suppose -89*a - 21*a - 10*a = -2109240. What is the thousands digit of a?
7
Let b(j) be the second derivative of j**5/20 + j**4 + 4*j**3/3 + 45*j**2/2 - 19*j + 2. What is the hundreds digit of b(-6)?
2
Let i(s) be the first derivative of 25*s**4/24 + s**3/2 - 3*s**2/2 - 1. Let y(g) be the second derivative of i(g). What is the units digit of y(2)?
3
Suppose 3*j = 15, -33 - 2 = -5*g + 3*j. Suppose -y + 6*y = g. What is the units digit of 4/6*15/y?
5
Suppose -189 = -8*y + 17*y. Let k be 12/y - 16394/(-49). Suppose 10*c - k = 1096. What is the hundreds digit of c?
1
Let i(u) = u**2 + 2*u - 53. Let n be 4/7*(87/6 - -10). What is the units digit of i(n)?
1
Suppose 17 = -5*d + 2*p + 63, 3*d = 2*p + 30. What is the units digit of ((-593)/(-3))/(d/24)?
3
Suppose -2*r + 156 = 3*r + 4*h, 4*h = 5*r - 124. Let j = -80 - r. Let y = j + 206. What is the tens digit of y?
9
Suppose 48892 = 14*k - 78704. What is the thousands digit of k?
9
What is the thousands digit of ((-2)/(-22) - 266/(-462))*7257?
4
Suppose -10*u - 336 + 366 = 0. Let o = -170 + 282. Suppose -o = -j - u. What is the units digit of j?
9
Let u = 88 - 93. Let y(z) be the second derivative of -z**5/20 - z**4/3 + z**3/3 - z**2 - 3*z. What is the units digit of y(u)?
3
Let x(u) = 3*u**3 - u**2 + u + 1. Let q be x(1). Suppose -21 = -q*p - 3*p. Let w(g) = 3*g**3 - 4*g**2 + 7*g + 1. What is the units digit of w(p)?
7
Let n be (-5)/(-25) - (-284)/5. Let s be (2/9 - 106/(-9))/2. Suppose 0 = -3*u - y + 65, -3*u - 3*y = -s*u + n. What is the units digit of u?
1
Suppose -4*d - 3*w = 12 - 43, 4*d + w = 21. Let t be 1 + -55*(-16 + 1). What is the tens digit of d/(-3)*t/28*-6?
3
Suppose 4*r = 1 + 27. Suppose -r = -t - 1. Let m(b) = 3*b**2 - 5*b + 13. What is the units digit of m(t)?
1
Let i(u) = 5*u + 3. Let d be i(-1). Let x be -1 + 8/(-4)*d + 3. Suppose -2*y + 114 - x = 0. What is the tens digit of y?
5
Let p(f) = -17*f**2 - 526*f + 18. What is the thousands digit of p(-28)?
1
Let m(n) = -n**2 + 9*n - 10. Let a be m(6). Let g(i) = 65*i - 12. What is the hundreds digit of g(a)?
5
Let d(a) = 1 - 1 + 23*a + 11. Let h(z) = 46*z - 1054. Let u be h(23). What is the units digit of d(u)?
3
Suppose -2*s = -w - 36, -5*s + 2*w + 104 = 3*w. Suppose -r = 3*r - s. What is the tens digit of (0 + -1)/(r/(-515))?
0
Let r(h) = -h**3 - 8*h**2 + 7*h - 13. Let s be r(-11). Let o = -90 + s. What is the hundreds digit of o?
1
Let d be (-87)/(-6) + 1/(-4)*2. Let g be (-5)/(-2) + 133/d. Let h(v) = 11*v + 7. What is the hundreds digit of h(g)?
1
Let t(f) = -234*f + 617. What is the ten thousands digit of t(-70)?
1
Let q(p) = 15*p**2 + 56 - 60 + 5*p**2. Let a be q(-2). Suppose 3*y = 7*y - 3*k - a, 0 = k. What is the units digit of y?
9
Let p be (-3 + -5)/(-2) + -4. Suppose -21*d + 31341 - 5721 = p. What is the units digit of d?
0
Let y(v) = v - 3. Let z be y(7). Suppose 72 = z*b + 12. Suppose -2*d = -0*d - 3*a - b, 0 = 2*d - 5*a - 17. What is the units digit of d?
6
Suppose -3*p + 22 = -4*t, 0 = -5*p + p - 3*t - 4. Suppose -2*a = -6*a + 1208. Suppose -2*u = -3*d + 203 + 34, p*u = -4*d + a. What is the units digit of d?
7
Suppose 0 = 5*t + 3*l - 65713 + 5731, -t = -3*l - 11982. What is the units digit of t?
4
Let c = 1989 - -4453. What is the hundreds digit of c?
4
Suppose -6 = -3*o + 6. Suppose -980 = -o*p - 4*l, 2*l - 7 - 1 = 0. What is the hundreds digit of p?
2
Let c = 69 + -39. Suppose -7*y = -17*y + c. Suppose y*s = 86 - 35. What is the units digit of s?
7
Let a be (-21)/70 + (-174)/20. Let b(y) be the first derivative of -y**3/3 - 21*y**2/2 + 4*y - 1. What is the units digit of b(a)?
2
Let y(n) = n**3 + 4*n**2 + 2*n + 1. Let o be y(-2). Let k be (-8)/(-20) - (-563)/o. Suppose -2*v - k = -3*v. What is the hundreds digit of v?
1
Suppose -977*i = -b - 972*i + 541, 3*i = -2*b + 1043. What is the tens digit of b?
2
Suppose 18*q - 2 = 17*q. Suppose 3*b = q*l - 652, -4*l + 1304 = 14*b - 13*b. What is the units digit of l?
6
Let n(x) = -2*x**3 + 28*x**2 - 26*x + 4. Let o be n(13). Suppose -o*t + 3*c = -153, 10*t + 5*c + 195 = 15*t. What is the tens digit of t?
3
Suppose 10*y - 2*j + 5010 = 14*y, 0